{"id":813,"date":"2024-11-01T07:46:29","date_gmt":"2024-11-01T06:46:29","guid":{"rendered":"https:\/\/pesta.schule\/wordpress\/?page_id=813"},"modified":"2026-02-03T20:42:15","modified_gmt":"2026-02-03T19:42:15","slug":"sommerferienlager-2025","status":"publish","type":"page","link":"https:\/\/pesta.schule\/wordpress\/?page_id=813","title":{"rendered":"Sommerferienlager"},"content":{"rendered":"\n<h4 class=\"wp-block-heading\">Termine<\/h4>\n\n\n\n<p>Wir bieten in den kommenden Sommerferien folgende Ferienbelegungen an:<\/p>\n\n\n\n<ul class=\"wp-block-list\">\n<li>2. Belegung (14.7.-26.7.26), 450\u20ac<\/li>\n\n\n\n<li>Ausgebucht! <s>3. Belegung (26.7.-6.8.26), 425\u20ac<\/s><\/li>\n\n\n\n<li>Ausgebucht! <s>4. Belegung (6.8.-16.8.26), 400\u20ac<\/s><\/li>\n<\/ul>\n\n\n\n<p><strong>Restpl\u00e4tze k\u00f6nnen nur noch \u00fcber eine Warteliste vergeben werden.<\/strong> Schreiben Sie dazu eine <a href=\"mailto:sommerlager@pgd.lernsax.de\" data-type=\"mailto\" data-id=\"mailto:sommerlager@pgd.lernsax.de\">Mail<\/a>.<\/p>\n\n\n\n<p><\/p>\n\n\n\n<h4 class=\"wp-block-heading\">Anmeldung<\/h4>\n\n\n\n<p>F\u00fcr Kinder des Pestalozzi-Gymnasiums (Eintragung mit Elternaccount): <a href=\"https:\/\/www.lernsax.de\/l.php?forms%7Cinfo%40pgd.lernsax.de%7C78586%7C\/\">Link zur Anmeldung<\/a><\/p>\n\n\n\n<p>F\u00fcr externe Kinder: <a href=\"https:\/\/www.lernsax.de\/wws\/26.php?f=Nzg1ODYtMzk5MDAyNDYxNzk4NC3uR5wGq_dOLIf_0LV73tBYbhBcKw\" data-type=\"link\" data-id=\"https:\/\/www.lernsax.de\/wws\/26.php?f=Nzg1ODYtMzk5MDAyNDYxNzk4NC3uR5wGq_dOLIf_0LV73tBYbhBcKw\">Link zur Anmeldung<\/a><\/p>\n\n\n\n<h4 class=\"wp-block-heading\">Informationen<\/h4>\n\n\n\n<p>Die Abfahrt erfolgt 6:30 Uhr am Pestalozziplatz vor der Schule und mit der Ankunft am R\u00fcckreisetag ist ca. 20 Uhr zu rechnen.<\/p>\n\n\n\n<p>Im Teilnehmerbeitrag sind folgende Leistungen enthalten:<\/p>\n\n\n\n<ul class=\"wp-block-list\">\n<li>An- und Abreise mit dem Reisebus<\/li>\n\n\n\n<li>\u00dcbernachtung und Vollverpflegung<\/li>\n\n\n\n<li>Eintritt St\u00f6rtebekerfestspiele inkl. Anfahrt mit dem Schiff<\/li>\n\n\n\n<li>Betreuung durch die Ferienlagerleitung und Betreuer\/-innen<\/li>\n<\/ul>\n\n\n\n<p>Bitte geben Sie die Wunschbelegung und eine Alternativbelegung an sowie ggf. Kinder, die gemeinsam an einer Ferienbelegung teilnehmen m\u00f6chten. Freunde und Familienangeh\u00f6rige im Altern von 11 &#8211; 16 Jahren k\u00f6nnen auch angemeldet werden.<\/p>\n\n\n\n<p>Im Anschluss erhalten Sie eine Best\u00e4tigung der verbindlichen Anmeldung und eine Zahlungsaufforderung. Die verbleibenden Restpl\u00e4tze werden dann extern freigegeben.<\/p>\n\n\n\n<p>Wir freuen uns auf die sch\u00f6ne, gemeinsame Zeit mit euch im Seelager Altenkirchen.<\/p>\n\n\n\n<h4 class=\"wp-block-heading\">Ansprechpartnerin:<\/h4>\n\n\n\n<p><a href=\"mailto:sommerlager@pgd.lernsax.de\" data-type=\"mailto\" data-id=\"mailto:tommy.durda@pgd.lernsax.de\">Frau Durda<\/a> (F\u00f6rderverein Altenkirchen)<\/p>\n\n\n\n<p><\/p>\n\n\n\n<p><\/p>\n","protected":false},"excerpt":{"rendered":"<p>Termine Wir bieten in den kommenden Sommerferien folgende Ferienbelegungen an: Restpl\u00e4tze k\u00f6nnen nur noch \u00fcber eine Warteliste vergeben werden. Schreiben Sie dazu eine Mail. Anmeldung F\u00fcr Kinder des Pestalozzi-Gymnasiums (Eintragung mit Elternaccount): Link zur Anmeldung F\u00fcr externe Kinder: Link zur Anmeldung Informationen Die Abfahrt erfolgt 6:30 Uhr am Pestalozziplatz vor der Schule und mit der [&hellip;]<\/p>\n","protected":false},"author":1,"featured_media":1077,"parent":27,"menu_order":0,"comment_status":"closed","ping_status":"closed","template":"","meta":{"footnotes":""},"class_list":["post-813","page","type-page","status-publish","has-post-thumbnail","hentry"],"_links":{"self":[{"href":"https:\/\/pesta.schule\/wordpress\/index.php?rest_route=\/wp\/v2\/pages\/813","targetHints":{"allow":["GET"]}}],"collection":[{"href":"https:\/\/pesta.schule\/wordpress\/index.php?rest_route=\/wp\/v2\/pages"}],"about":[{"href":"https:\/\/pesta.schule\/wordpress\/index.php?rest_route=\/wp\/v2\/types\/page"}],"author":[{"embeddable":true,"href":"https:\/\/pesta.schule\/wordpress\/index.php?rest_route=\/wp\/v2\/users\/1"}],"replies":[{"embeddable":true,"href":"https:\/\/pesta.schule\/wordpress\/index.php?rest_route=%2Fwp%2Fv2%2Fcomments&post=813"}],"version-history":[{"count":19,"href":"https:\/\/pesta.schule\/wordpress\/index.php?rest_route=\/wp\/v2\/pages\/813\/revisions"}],"predecessor-version":[{"id":1172,"href":"https:\/\/pesta.schule\/wordpress\/index.php?rest_route=\/wp\/v2\/pages\/813\/revisions\/1172"}],"up":[{"embeddable":true,"href":"https:\/\/pesta.schule\/wordpress\/index.php?rest_route=\/wp\/v2\/pages\/27"}],"wp:featuredmedia":[{"embeddable":true,"href":"https:\/\/pesta.schule\/wordpress\/index.php?rest_route=\/wp\/v2\/media\/1077"}],"wp:attachment":[{"href":"https:\/\/pesta.schule\/wordpress\/index.php?rest_route=%2Fwp%2Fv2%2Fmedia&parent=813"}],"curies":[{"name":"wp","href":"https:\/\/api.w.org\/{rel}","templated":true}]}}